{"id":2,"date":"2022-10-01T11:53:37","date_gmt":"2022-10-01T09:53:37","guid":{"rendered":"http:\/\/www2.famillebouchard.ovh\/?page_id=2"},"modified":"2022-10-02T17:49:07","modified_gmt":"2022-10-02T15:49:07","slug":"page-d-exemple","status":"publish","type":"page","link":"https:\/\/www.famillebouchard.ovh\/index.php\/page-d-exemple\/","title":{"rendered":"Bienvenue,"},"content":{"rendered":"\n<p>sur www.famillebouchard.ovh, j&rsquo;espere que vous passerez un bon momment.<\/p>\n\n\n\n<blockquote class=\"wp-block-quote is-layout-flow wp-block-quote-is-layout-flow\"><p>Bonjour\u00a0! Je suis informaticien et \u00e9l\u00e9ctronicien, toujours en qu\u00eate de nouvelles technologie. J&rsquo;aime apprendre et concevoir. J&rsquo;habite en Bretagne.<\/p><\/blockquote>\n\n\n\n<p><\/p>\n","protected":false},"excerpt":{"rendered":"<p>sur www.famillebouchard.ovh, j&rsquo;espere que vous passerez un bon momment. Bonjour\u00a0! Je suis informaticien et \u00e9l\u00e9ctronicien, toujours en qu\u00eate de nouvelles technologie. J&rsquo;aime apprendre et concevoir. J&rsquo;habite en Bretagne.<\/p>\n","protected":false},"author":1,"featured_media":0,"parent":0,"menu_order":0,"comment_status":"closed","ping_status":"open","template":"","meta":{"footnotes":""},"class_list":["post-2","page","type-page","status-publish","hentry"],"_links":{"self":[{"href":"https:\/\/www.famillebouchard.ovh\/index.php\/wp-json\/wp\/v2\/pages\/2","targetHints":{"allow":["GET"]}}],"collection":[{"href":"https:\/\/www.famillebouchard.ovh\/index.php\/wp-json\/wp\/v2\/pages"}],"about":[{"href":"https:\/\/www.famillebouchard.ovh\/index.php\/wp-json\/wp\/v2\/types\/page"}],"author":[{"embeddable":true,"href":"https:\/\/www.famillebouchard.ovh\/index.php\/wp-json\/wp\/v2\/users\/1"}],"replies":[{"embeddable":true,"href":"https:\/\/www.famillebouchard.ovh\/index.php\/wp-json\/wp\/v2\/comments?post=2"}],"version-history":[{"count":2,"href":"https:\/\/www.famillebouchard.ovh\/index.php\/wp-json\/wp\/v2\/pages\/2\/revisions"}],"predecessor-version":[{"id":23,"href":"https:\/\/www.famillebouchard.ovh\/index.php\/wp-json\/wp\/v2\/pages\/2\/revisions\/23"}],"wp:attachment":[{"href":"https:\/\/www.famillebouchard.ovh\/index.php\/wp-json\/wp\/v2\/media?parent=2"}],"curies":[{"name":"wp","href":"https:\/\/api.w.org\/{rel}","templated":true}]}}